{"id":12562,"date":"2020-06-28T13:51:41","date_gmt":"2020-06-28T10:51:41","guid":{"rendered":"http:\/\/www.grecia-turismo.gr\/?page_id=12562"},"modified":"2026-04-29T21:53:40","modified_gmt":"2026-04-29T18:53:40","slug":"servicos-na-grecia","status":"publish","type":"page","link":"https:\/\/grecia-turismo.gr\/?page_id=12562","title":{"rendered":"Viagem \u00e0 Gr\u00e9cia"},"content":{"rendered":"<div id=\"pl-12562\"  class=\"panel-layout\" ><div id=\"pg-12562-0\"  class=\"panel-grid panel-no-style\" ><div id=\"pgc-12562-0-0\"  class=\"panel-grid-cell\" ><div id=\"panel-12562-0-0-0\" class=\"so-panel widget widget_sow-image panel-first-child panel-last-child\" data-index=\"0\" ><div\n\t\t\t\n\t\t\tclass=\"so-widget-sow-image so-widget-sow-image-default-49681edeb466-12562\"\n\t\t\t\n\t\t>\n<div class=\"sow-image-container\">\n\t\t\t<a href=\"https:\/\/grecia-turismo.gr\/?page_id=13588\"\n\t\t\t\t\t>\n\t\t\t<img \n\tsrc=\"https:\/\/grecia-turismo.gr\/wp-content\/uploads\/2026\/04\/transfer-logo.jpg\" width=\"150\" height=\"150\" srcset=\"https:\/\/grecia-turismo.gr\/wp-content\/uploads\/2026\/04\/transfer-logo.jpg 150w, https:\/\/grecia-turismo.gr\/wp-content\/uploads\/2026\/04\/transfer-logo-60x60.jpg 60w, https:\/\/grecia-turismo.gr\/wp-content\/uploads\/2026\/04\/transfer-logo-80x80.jpg 80w, https:\/\/grecia-turismo.gr\/wp-content\/uploads\/2026\/04\/transfer-logo-100x100.jpg 100w, https:\/\/grecia-turismo.gr\/wp-content\/uploads\/2026\/04\/transfer-logo-120x120.jpg 120w, https:\/\/grecia-turismo.gr\/wp-content\/uploads\/2026\/04\/transfer-logo-140x140.jpg 140w\" sizes=\"(max-width: 150px) 100vw, 150px\" title=\"Traslados \" alt=\"\" \t\tclass=\"so-widget-image\"\/>\n\t\t\t<\/a><\/div>\n\n<h3 class=\"widget-title\">\t\t<a href=\"https:\/\/grecia-turismo.gr\/?page_id=13588\"\n\t\t\t\t\t>\n\t\tTraslados <\/a><\/h3><\/div><\/div><\/div><div id=\"pgc-12562-0-1\"  class=\"panel-grid-cell\" ><div id=\"panel-12562-0-1-0\" class=\"so-panel widget widget_sow-image panel-first-child panel-last-child\" data-index=\"1\" ><div\n\t\t\t\n\t\t\tclass=\"so-widget-sow-image so-widget-sow-image-default-113ccd71f3e6-12562\"\n\t\t\t\n\t\t>\n<div class=\"sow-image-container\">\n\t\t<img \n\tsrc=\"https:\/\/grecia-turismo.gr\/wp-content\/uploads\/2026\/04\/athenshotel-logo.jpg\" width=\"150\" height=\"150\" srcset=\"https:\/\/grecia-turismo.gr\/wp-content\/uploads\/2026\/04\/athenshotel-logo.jpg 150w, https:\/\/grecia-turismo.gr\/wp-content\/uploads\/2026\/04\/athenshotel-logo-60x60.jpg 60w, https:\/\/grecia-turismo.gr\/wp-content\/uploads\/2026\/04\/athenshotel-logo-80x80.jpg 80w, https:\/\/grecia-turismo.gr\/wp-content\/uploads\/2026\/04\/athenshotel-logo-100x100.jpg 100w, https:\/\/grecia-turismo.gr\/wp-content\/uploads\/2026\/04\/athenshotel-logo-120x120.jpg 120w, https:\/\/grecia-turismo.gr\/wp-content\/uploads\/2026\/04\/athenshotel-logo-140x140.jpg 140w\" sizes=\"(max-width: 150px) 100vw, 150px\" title=\"Hoteis em Atenas\" alt=\"\" \t\tclass=\"so-widget-image\"\/>\n\t<\/div>\n\n<h3 class=\"widget-title\">Hoteis em Atenas<\/h3><\/div><\/div><\/div><div id=\"pgc-12562-0-2\"  class=\"panel-grid-cell\" ><div id=\"panel-12562-0-2-0\" class=\"so-panel widget widget_sow-image panel-first-child panel-last-child\" data-index=\"2\" ><div\n\t\t\t\n\t\t\tclass=\"so-widget-sow-image so-widget-sow-image-default-113ccd71f3e6-12562\"\n\t\t\t\n\t\t>\n<div class=\"sow-image-container\">\n\t\t\t<a href=\"https:\/\/grecia-turismo.gr\/?page_id=2359\"\n\t\t\t\t\t>\n\t\t\t<img \n\tsrc=\"https:\/\/grecia-turismo.gr\/wp-content\/uploads\/2026\/04\/greeisland-logo.jpg\" width=\"150\" height=\"150\" srcset=\"https:\/\/grecia-turismo.gr\/wp-content\/uploads\/2026\/04\/greeisland-logo.jpg 150w, https:\/\/grecia-turismo.gr\/wp-content\/uploads\/2026\/04\/greeisland-logo-60x60.jpg 60w, https:\/\/grecia-turismo.gr\/wp-content\/uploads\/2026\/04\/greeisland-logo-80x80.jpg 80w, https:\/\/grecia-turismo.gr\/wp-content\/uploads\/2026\/04\/greeisland-logo-100x100.jpg 100w, https:\/\/grecia-turismo.gr\/wp-content\/uploads\/2026\/04\/greeisland-logo-120x120.jpg 120w, https:\/\/grecia-turismo.gr\/wp-content\/uploads\/2026\/04\/greeisland-logo-140x140.jpg 140w\" sizes=\"(max-width: 150px) 100vw, 150px\" title=\"Hoteis nas Ilhas \" alt=\"\" \t\tclass=\"so-widget-image\"\/>\n\t\t\t<\/a><\/div>\n\n<h3 class=\"widget-title\">\t\t<a href=\"https:\/\/grecia-turismo.gr\/?page_id=2359\"\n\t\t\t\t\t>\n\t\tHoteis nas Ilhas <\/a><\/h3><\/div><\/div><\/div><div id=\"pgc-12562-0-3\"  class=\"panel-grid-cell\" ><div id=\"panel-12562-0-3-0\" class=\"so-panel widget widget_sow-image panel-first-child panel-last-child\" data-index=\"3\" ><div\n\t\t\t\n\t\t\tclass=\"so-widget-sow-image so-widget-sow-image-default-113ccd71f3e6-12562\"\n\t\t\t\n\t\t>\n<div class=\"sow-image-container\">\n\t\t<img \n\tsrc=\"https:\/\/grecia-turismo.gr\/wp-content\/uploads\/2026\/04\/bustour-logo.jpg\" width=\"150\" height=\"150\" srcset=\"https:\/\/grecia-turismo.gr\/wp-content\/uploads\/2026\/04\/bustour-logo.jpg 150w, https:\/\/grecia-turismo.gr\/wp-content\/uploads\/2026\/04\/bustour-logo-60x60.jpg 60w, https:\/\/grecia-turismo.gr\/wp-content\/uploads\/2026\/04\/bustour-logo-80x80.jpg 80w, https:\/\/grecia-turismo.gr\/wp-content\/uploads\/2026\/04\/bustour-logo-100x100.jpg 100w, https:\/\/grecia-turismo.gr\/wp-content\/uploads\/2026\/04\/bustour-logo-120x120.jpg 120w, https:\/\/grecia-turismo.gr\/wp-content\/uploads\/2026\/04\/bustour-logo-140x140.jpg 140w\" sizes=\"(max-width: 150px) 100vw, 150px\" title=\"Tours Regulares\" alt=\"\" \t\tclass=\"so-widget-image\"\/>\n\t<\/div>\n\n<h3 class=\"widget-title\">Tours Regulares<\/h3><\/div><\/div><\/div><\/div><div id=\"pg-12562-1\"  class=\"panel-grid panel-no-style\" ><div id=\"pgc-12562-1-0\"  class=\"panel-grid-cell\" ><div id=\"panel-12562-1-0-0\" class=\"so-panel widget widget_sow-image panel-first-child panel-last-child\" data-index=\"4\" ><div\n\t\t\t\n\t\t\tclass=\"so-widget-sow-image so-widget-sow-image-default-113ccd71f3e6-12562\"\n\t\t\t\n\t\t>\n<div class=\"sow-image-container\">\n\t\t<img \n\tsrc=\"https:\/\/grecia-turismo.gr\/wp-content\/uploads\/2026\/04\/private.jpg\" width=\"150\" height=\"150\" srcset=\"https:\/\/grecia-turismo.gr\/wp-content\/uploads\/2026\/04\/private.jpg 150w, https:\/\/grecia-turismo.gr\/wp-content\/uploads\/2026\/04\/private-60x60.jpg 60w, https:\/\/grecia-turismo.gr\/wp-content\/uploads\/2026\/04\/private-80x80.jpg 80w, https:\/\/grecia-turismo.gr\/wp-content\/uploads\/2026\/04\/private-100x100.jpg 100w, https:\/\/grecia-turismo.gr\/wp-content\/uploads\/2026\/04\/private-120x120.jpg 120w, https:\/\/grecia-turismo.gr\/wp-content\/uploads\/2026\/04\/private-140x140.jpg 140w\" sizes=\"(max-width: 150px) 100vw, 150px\" title=\"Tours Privativos\" alt=\"\" \t\tclass=\"so-widget-image\"\/>\n\t<\/div>\n\n<h3 class=\"widget-title\">Tours Privativos<\/h3><\/div><\/div><\/div><div id=\"pgc-12562-1-1\"  class=\"panel-grid-cell\" ><div id=\"panel-12562-1-1-0\" class=\"so-panel widget widget_sow-image panel-first-child panel-last-child\" data-index=\"5\" ><div\n\t\t\t\n\t\t\tclass=\"so-widget-sow-image so-widget-sow-image-default-113ccd71f3e6-12562\"\n\t\t\t\n\t\t>\n<div class=\"sow-image-container\">\n\t\t<img \n\tsrc=\"https:\/\/grecia-turismo.gr\/wp-content\/uploads\/2026\/04\/boat-logo.jpg\" width=\"150\" height=\"150\" srcset=\"https:\/\/grecia-turismo.gr\/wp-content\/uploads\/2026\/04\/boat-logo.jpg 150w, https:\/\/grecia-turismo.gr\/wp-content\/uploads\/2026\/04\/boat-logo-60x60.jpg 60w, https:\/\/grecia-turismo.gr\/wp-content\/uploads\/2026\/04\/boat-logo-80x80.jpg 80w, https:\/\/grecia-turismo.gr\/wp-content\/uploads\/2026\/04\/boat-logo-100x100.jpg 100w, https:\/\/grecia-turismo.gr\/wp-content\/uploads\/2026\/04\/boat-logo-120x120.jpg 120w, https:\/\/grecia-turismo.gr\/wp-content\/uploads\/2026\/04\/boat-logo-140x140.jpg 140w\" sizes=\"(max-width: 150px) 100vw, 150px\" title=\"Tours en Barco\" alt=\"\" \t\tclass=\"so-widget-image\"\/>\n\t<\/div>\n\n<h3 class=\"widget-title\">Tours en Barco<\/h3><\/div><\/div><\/div><div id=\"pgc-12562-1-2\"  class=\"panel-grid-cell\" ><div id=\"panel-12562-1-2-0\" class=\"so-panel widget widget_sow-image panel-first-child panel-last-child\" data-index=\"6\" ><div\n\t\t\t\n\t\t\tclass=\"so-widget-sow-image so-widget-sow-image-default-113ccd71f3e6-12562\"\n\t\t\t\n\t\t>\n<div class=\"sow-image-container\">\n\t\t<img \n\tsrc=\"https:\/\/grecia-turismo.gr\/wp-content\/uploads\/2026\/04\/cooking-logo.jpg\" width=\"150\" height=\"150\" srcset=\"https:\/\/grecia-turismo.gr\/wp-content\/uploads\/2026\/04\/cooking-logo.jpg 150w, https:\/\/grecia-turismo.gr\/wp-content\/uploads\/2026\/04\/cooking-logo-60x60.jpg 60w, https:\/\/grecia-turismo.gr\/wp-content\/uploads\/2026\/04\/cooking-logo-80x80.jpg 80w, https:\/\/grecia-turismo.gr\/wp-content\/uploads\/2026\/04\/cooking-logo-100x100.jpg 100w, https:\/\/grecia-turismo.gr\/wp-content\/uploads\/2026\/04\/cooking-logo-120x120.jpg 120w, https:\/\/grecia-turismo.gr\/wp-content\/uploads\/2026\/04\/cooking-logo-140x140.jpg 140w\" sizes=\"(max-width: 150px) 100vw, 150px\" title=\"Aula de Culinaria\" alt=\"\" \t\tclass=\"so-widget-image\"\/>\n\t<\/div>\n\n<h3 class=\"widget-title\">Aula de Culinaria<\/h3><\/div><\/div><\/div><div id=\"pgc-12562-1-3\"  class=\"panel-grid-cell\" ><div id=\"panel-12562-1-3-0\" class=\"so-panel widget widget_sow-image panel-first-child panel-last-child\" data-index=\"7\" ><div\n\t\t\t\n\t\t\tclass=\"so-widget-sow-image so-widget-sow-image-default-113ccd71f3e6-12562\"\n\t\t\t\n\t\t>\n<div class=\"sow-image-container\">\n\t\t<img \n\tsrc=\"https:\/\/grecia-turismo.gr\/wp-content\/uploads\/2026\/04\/fd-logo.jpg\" width=\"150\" height=\"150\" srcset=\"https:\/\/grecia-turismo.gr\/wp-content\/uploads\/2026\/04\/fd-logo.jpg 150w, https:\/\/grecia-turismo.gr\/wp-content\/uploads\/2026\/04\/fd-logo-60x60.jpg 60w, https:\/\/grecia-turismo.gr\/wp-content\/uploads\/2026\/04\/fd-logo-80x80.jpg 80w, https:\/\/grecia-turismo.gr\/wp-content\/uploads\/2026\/04\/fd-logo-100x100.jpg 100w, https:\/\/grecia-turismo.gr\/wp-content\/uploads\/2026\/04\/fd-logo-120x120.jpg 120w, https:\/\/grecia-turismo.gr\/wp-content\/uploads\/2026\/04\/fd-logo-140x140.jpg 140w\" sizes=\"(max-width: 150px) 100vw, 150px\" title=\"Sessao Fotografica\" alt=\"\" \t\tclass=\"so-widget-image\"\/>\n\t<\/div>\n\n<h3 class=\"widget-title\">Sessao Fotografica<\/h3><\/div><\/div><\/div><\/div><div id=\"pg-12562-2\"  class=\"panel-grid panel-no-style\" ><div id=\"pgc-12562-2-0\"  class=\"panel-grid-cell\" ><div id=\"panel-12562-2-0-0\" class=\"so-panel widget widget_sow-image panel-first-child panel-last-child\" data-index=\"8\" ><div\n\t\t\t\n\t\t\tclass=\"so-widget-sow-image so-widget-sow-image-default-113ccd71f3e6-12562\"\n\t\t\t\n\t\t>\n<div class=\"sow-image-container\">\n\t\t<img \n\tsrc=\"https:\/\/grecia-turismo.gr\/wp-content\/uploads\/2026\/04\/bodalogo.jpg\" width=\"150\" height=\"150\" srcset=\"https:\/\/grecia-turismo.gr\/wp-content\/uploads\/2026\/04\/bodalogo.jpg 150w, https:\/\/grecia-turismo.gr\/wp-content\/uploads\/2026\/04\/bodalogo-60x60.jpg 60w, https:\/\/grecia-turismo.gr\/wp-content\/uploads\/2026\/04\/bodalogo-80x80.jpg 80w, https:\/\/grecia-turismo.gr\/wp-content\/uploads\/2026\/04\/bodalogo-100x100.jpg 100w, https:\/\/grecia-turismo.gr\/wp-content\/uploads\/2026\/04\/bodalogo-120x120.jpg 120w, https:\/\/grecia-turismo.gr\/wp-content\/uploads\/2026\/04\/bodalogo-140x140.jpg 140w\" sizes=\"(max-width: 150px) 100vw, 150px\" title=\"Casamento Civil\" alt=\"\" \t\tclass=\"so-widget-image\"\/>\n\t<\/div>\n\n<h3 class=\"widget-title\">Casamento Civil<\/h3><\/div><\/div><\/div><div id=\"pgc-12562-2-1\"  class=\"panel-grid-cell\" ><div id=\"panel-12562-2-1-0\" class=\"so-panel widget widget_sow-image panel-first-child panel-last-child\" data-index=\"9\" ><div\n\t\t\t\n\t\t\tclass=\"so-widget-sow-image so-widget-sow-image-default-113ccd71f3e6-12562\"\n\t\t\t\n\t\t>\n<div class=\"sow-image-container\">\n\t\t<img \n\tsrc=\"https:\/\/grecia-turismo.gr\/wp-content\/uploads\/2026\/04\/symbolic.jpg\" width=\"150\" height=\"150\" srcset=\"https:\/\/grecia-turismo.gr\/wp-content\/uploads\/2026\/04\/symbolic.jpg 150w, https:\/\/grecia-turismo.gr\/wp-content\/uploads\/2026\/04\/symbolic-60x60.jpg 60w, https:\/\/grecia-turismo.gr\/wp-content\/uploads\/2026\/04\/symbolic-80x80.jpg 80w, https:\/\/grecia-turismo.gr\/wp-content\/uploads\/2026\/04\/symbolic-100x100.jpg 100w, https:\/\/grecia-turismo.gr\/wp-content\/uploads\/2026\/04\/symbolic-120x120.jpg 120w, https:\/\/grecia-turismo.gr\/wp-content\/uploads\/2026\/04\/symbolic-140x140.jpg 140w\" sizes=\"(max-width: 150px) 100vw, 150px\" title=\"Casamento Simbolico\" alt=\"\" \t\tclass=\"so-widget-image\"\/>\n\t<\/div>\n\n<h3 class=\"widget-title\">Casamento Simbolico<\/h3><\/div><\/div><\/div><div id=\"pgc-12562-2-2\"  class=\"panel-grid-cell\" ><div id=\"panel-12562-2-2-0\" class=\"so-panel widget widget_sow-image panel-first-child panel-last-child\" data-index=\"10\" ><div\n\t\t\t\n\t\t\tclass=\"so-widget-sow-image so-widget-sow-image-default-113ccd71f3e6-12562\"\n\t\t\t\n\t\t>\n<div class=\"sow-image-container\">\n\t\t<img \n\tsrc=\"https:\/\/grecia-turismo.gr\/wp-content\/uploads\/2026\/04\/vowslogo.jpg\" width=\"150\" height=\"150\" srcset=\"https:\/\/grecia-turismo.gr\/wp-content\/uploads\/2026\/04\/vowslogo.jpg 150w, https:\/\/grecia-turismo.gr\/wp-content\/uploads\/2026\/04\/vowslogo-60x60.jpg 60w, https:\/\/grecia-turismo.gr\/wp-content\/uploads\/2026\/04\/vowslogo-80x80.jpg 80w, https:\/\/grecia-turismo.gr\/wp-content\/uploads\/2026\/04\/vowslogo-100x100.jpg 100w, https:\/\/grecia-turismo.gr\/wp-content\/uploads\/2026\/04\/vowslogo-120x120.jpg 120w, https:\/\/grecia-turismo.gr\/wp-content\/uploads\/2026\/04\/vowslogo-140x140.jpg 140w\" sizes=\"(max-width: 150px) 100vw, 150px\" title=\"Renova\u00e7\u00e2o de votos\" alt=\"\" \t\tclass=\"so-widget-image\"\/>\n\t<\/div>\n\n<h3 class=\"widget-title\">Renova\u00e7\u00e2o de votos<\/h3><\/div><\/div><\/div><div id=\"pgc-12562-2-3\"  class=\"panel-grid-cell\" ><div id=\"panel-12562-2-3-0\" class=\"so-panel widget widget_sow-image panel-first-child panel-last-child\" data-index=\"11\" ><div\n\t\t\t\n\t\t\tclass=\"so-widget-sow-image so-widget-sow-image-default-113ccd71f3e6-12562\"\n\t\t\t\n\t\t>\n<div class=\"sow-image-container\">\n\t\t<img \n\tsrc=\"https:\/\/grecia-turismo.gr\/wp-content\/uploads\/2026\/04\/proposal-logo.jpg\" width=\"150\" height=\"150\" srcset=\"https:\/\/grecia-turismo.gr\/wp-content\/uploads\/2026\/04\/proposal-logo.jpg 150w, https:\/\/grecia-turismo.gr\/wp-content\/uploads\/2026\/04\/proposal-logo-60x60.jpg 60w, https:\/\/grecia-turismo.gr\/wp-content\/uploads\/2026\/04\/proposal-logo-80x80.jpg 80w, https:\/\/grecia-turismo.gr\/wp-content\/uploads\/2026\/04\/proposal-logo-100x100.jpg 100w, https:\/\/grecia-turismo.gr\/wp-content\/uploads\/2026\/04\/proposal-logo-120x120.jpg 120w, https:\/\/grecia-turismo.gr\/wp-content\/uploads\/2026\/04\/proposal-logo-140x140.jpg 140w\" sizes=\"(max-width: 150px) 100vw, 150px\" title=\"Proposta de Casamento\" alt=\"\" \t\tclass=\"so-widget-image\"\/>\n\t<\/div>\n\n<h3 class=\"widget-title\">Proposta de Casamento<\/h3><\/div><\/div><\/div><\/div><div id=\"pg-12562-3\"  class=\"panel-grid panel-no-style\" ><div id=\"pgc-12562-3-0\"  class=\"panel-grid-cell\" ><div id=\"panel-12562-3-0-0\" class=\"so-panel widget widget_sow-image panel-first-child panel-last-child\" data-index=\"12\" ><div\n\t\t\t\n\t\t\tclass=\"so-widget-sow-image so-widget-sow-image-default-113ccd71f3e6-12562\"\n\t\t\t\n\t\t>\n<div class=\"sow-image-container\">\n\t\t<img \n\tsrc=\"https:\/\/grecia-turismo.gr\/wp-content\/uploads\/2026\/04\/winetastinglogo.jpg\" width=\"150\" height=\"150\" srcset=\"https:\/\/grecia-turismo.gr\/wp-content\/uploads\/2026\/04\/winetastinglogo.jpg 150w, https:\/\/grecia-turismo.gr\/wp-content\/uploads\/2026\/04\/winetastinglogo-60x60.jpg 60w, https:\/\/grecia-turismo.gr\/wp-content\/uploads\/2026\/04\/winetastinglogo-80x80.jpg 80w, https:\/\/grecia-turismo.gr\/wp-content\/uploads\/2026\/04\/winetastinglogo-100x100.jpg 100w, https:\/\/grecia-turismo.gr\/wp-content\/uploads\/2026\/04\/winetastinglogo-120x120.jpg 120w, https:\/\/grecia-turismo.gr\/wp-content\/uploads\/2026\/04\/winetastinglogo-140x140.jpg 140w\" sizes=\"(max-width: 150px) 100vw, 150px\" title=\"Degusta\u00e7\u00e2o de Vinho\" alt=\"\" \t\tclass=\"so-widget-image\"\/>\n\t<\/div>\n\n<h3 class=\"widget-title\">Degusta\u00e7\u00e2o de Vinho<\/h3><\/div><\/div><\/div><div id=\"pgc-12562-3-1\"  class=\"panel-grid-cell\" ><div id=\"panel-12562-3-1-0\" class=\"so-panel widget widget_sow-image panel-first-child panel-last-child\" data-index=\"13\" ><div\n\t\t\t\n\t\t\tclass=\"so-widget-sow-image so-widget-sow-image-default-113ccd71f3e6-12562\"\n\t\t\t\n\t\t>\n<div class=\"sow-image-container\">\n\t\t<img \n\tsrc=\"https:\/\/grecia-turismo.gr\/wp-content\/uploads\/2026\/04\/dinner.jpg\" width=\"150\" height=\"150\" srcset=\"https:\/\/grecia-turismo.gr\/wp-content\/uploads\/2026\/04\/dinner.jpg 150w, https:\/\/grecia-turismo.gr\/wp-content\/uploads\/2026\/04\/dinner-60x60.jpg 60w, https:\/\/grecia-turismo.gr\/wp-content\/uploads\/2026\/04\/dinner-80x80.jpg 80w, https:\/\/grecia-turismo.gr\/wp-content\/uploads\/2026\/04\/dinner-100x100.jpg 100w, https:\/\/grecia-turismo.gr\/wp-content\/uploads\/2026\/04\/dinner-120x120.jpg 120w, https:\/\/grecia-turismo.gr\/wp-content\/uploads\/2026\/04\/dinner-140x140.jpg 140w\" sizes=\"(max-width: 150px) 100vw, 150px\" title=\"Jantar Romantico\" alt=\"\" \t\tclass=\"so-widget-image\"\/>\n\t<\/div>\n\n<h3 class=\"widget-title\">Jantar Romantico<\/h3><\/div><\/div><\/div><div id=\"pgc-12562-3-2\"  class=\"panel-grid-cell\" ><div id=\"panel-12562-3-2-0\" class=\"so-panel widget widget_sow-image panel-first-child panel-last-child\" data-index=\"14\" ><div\n\t\t\t\n\t\t\tclass=\"so-widget-sow-image so-widget-sow-image-default-113ccd71f3e6-12562\"\n\t\t\t\n\t\t>\n<div class=\"sow-image-container\">\n\t\t<img \n\tsrc=\"https:\/\/grecia-turismo.gr\/wp-content\/uploads\/2026\/04\/skydinner.jpg\" width=\"150\" height=\"150\" srcset=\"https:\/\/grecia-turismo.gr\/wp-content\/uploads\/2026\/04\/skydinner.jpg 150w, https:\/\/grecia-turismo.gr\/wp-content\/uploads\/2026\/04\/skydinner-60x60.jpg 60w, https:\/\/grecia-turismo.gr\/wp-content\/uploads\/2026\/04\/skydinner-80x80.jpg 80w, https:\/\/grecia-turismo.gr\/wp-content\/uploads\/2026\/04\/skydinner-100x100.jpg 100w, https:\/\/grecia-turismo.gr\/wp-content\/uploads\/2026\/04\/skydinner-120x120.jpg 120w, https:\/\/grecia-turismo.gr\/wp-content\/uploads\/2026\/04\/skydinner-140x140.jpg 140w\" sizes=\"(max-width: 150px) 100vw, 150px\" title=\"Jantar nas Alturas\" alt=\"\" \t\tclass=\"so-widget-image\"\/>\n\t<\/div>\n\n<h3 class=\"widget-title\">Jantar nas Alturas<\/h3><\/div><\/div><\/div><div id=\"pgc-12562-3-3\"  class=\"panel-grid-cell\" ><div id=\"panel-12562-3-3-0\" class=\"so-panel widget widget_sow-image panel-first-child panel-last-child\" data-index=\"15\" ><div\n\t\t\t\n\t\t\tclass=\"so-widget-sow-image so-widget-sow-image-default-113ccd71f3e6-12562\"\n\t\t\t\n\t\t>\n<div class=\"sow-image-container\">\n\t\t<img \n\tsrc=\"https:\/\/grecia-turismo.gr\/wp-content\/uploads\/2026\/04\/rent.jpg\" width=\"150\" height=\"150\" srcset=\"https:\/\/grecia-turismo.gr\/wp-content\/uploads\/2026\/04\/rent.jpg 150w, https:\/\/grecia-turismo.gr\/wp-content\/uploads\/2026\/04\/rent-60x60.jpg 60w, https:\/\/grecia-turismo.gr\/wp-content\/uploads\/2026\/04\/rent-80x80.jpg 80w, https:\/\/grecia-turismo.gr\/wp-content\/uploads\/2026\/04\/rent-100x100.jpg 100w, https:\/\/grecia-turismo.gr\/wp-content\/uploads\/2026\/04\/rent-120x120.jpg 120w, https:\/\/grecia-turismo.gr\/wp-content\/uploads\/2026\/04\/rent-140x140.jpg 140w\" sizes=\"(max-width: 150px) 100vw, 150px\" title=\"Aluguel de Carro\" alt=\"\" \t\tclass=\"so-widget-image\"\/>\n\t<\/div>\n\n<h3 class=\"widget-title\">Aluguel de Carro<\/h3><\/div><\/div><\/div><\/div><div id=\"pg-12562-4\"  class=\"panel-grid panel-no-style\" ><div id=\"pgc-12562-4-0\"  class=\"panel-grid-cell\" ><div id=\"panel-12562-4-0-0\" class=\"so-panel widget widget_sow-image panel-first-child panel-last-child\" data-index=\"16\" ><div\n\t\t\t\n\t\t\tclass=\"so-widget-sow-image so-widget-sow-image-default-113ccd71f3e6-12562\"\n\t\t\t\n\t\t>\n<div class=\"sow-image-container\">\n\t\t<img \n\tsrc=\"https:\/\/grecia-turismo.gr\/wp-content\/uploads\/2026\/04\/ferries.jpg\" width=\"150\" height=\"150\" srcset=\"https:\/\/grecia-turismo.gr\/wp-content\/uploads\/2026\/04\/ferries.jpg 150w, https:\/\/grecia-turismo.gr\/wp-content\/uploads\/2026\/04\/ferries-60x60.jpg 60w, https:\/\/grecia-turismo.gr\/wp-content\/uploads\/2026\/04\/ferries-80x80.jpg 80w, https:\/\/grecia-turismo.gr\/wp-content\/uploads\/2026\/04\/ferries-100x100.jpg 100w, https:\/\/grecia-turismo.gr\/wp-content\/uploads\/2026\/04\/ferries-120x120.jpg 120w, https:\/\/grecia-turismo.gr\/wp-content\/uploads\/2026\/04\/ferries-140x140.jpg 140w\" sizes=\"(max-width: 150px) 100vw, 150px\" title=\"Ferries &amp; Barco rapidos\" alt=\"\" \t\tclass=\"so-widget-image\"\/>\n\t<\/div>\n\n<h3 class=\"widget-title\">Ferries &amp; Barco rapidos<\/h3><\/div><\/div><\/div><div id=\"pgc-12562-4-1\"  class=\"panel-grid-cell\" ><div id=\"panel-12562-4-1-0\" class=\"so-panel widget widget_sow-image panel-first-child panel-last-child\" data-index=\"17\" ><div\n\t\t\t\n\t\t\tclass=\"so-widget-sow-image so-widget-sow-image-default-113ccd71f3e6-12562\"\n\t\t\t\n\t\t>\n<div class=\"sow-image-container\">\n\t\t<img \n\tsrc=\"https:\/\/grecia-turismo.gr\/wp-content\/uploads\/2026\/04\/skiptheline.jpg\" width=\"150\" height=\"150\" srcset=\"https:\/\/grecia-turismo.gr\/wp-content\/uploads\/2026\/04\/skiptheline.jpg 150w, https:\/\/grecia-turismo.gr\/wp-content\/uploads\/2026\/04\/skiptheline-60x60.jpg 60w, https:\/\/grecia-turismo.gr\/wp-content\/uploads\/2026\/04\/skiptheline-80x80.jpg 80w, https:\/\/grecia-turismo.gr\/wp-content\/uploads\/2026\/04\/skiptheline-100x100.jpg 100w, https:\/\/grecia-turismo.gr\/wp-content\/uploads\/2026\/04\/skiptheline-120x120.jpg 120w, https:\/\/grecia-turismo.gr\/wp-content\/uploads\/2026\/04\/skiptheline-140x140.jpg 140w\" sizes=\"(max-width: 150px) 100vw, 150px\" title=\"Entradas sem espera\" alt=\"\" \t\tclass=\"so-widget-image\"\/>\n\t<\/div>\n\n<h3 class=\"widget-title\">Entradas sem espera<\/h3><\/div><\/div><\/div><div id=\"pgc-12562-4-2\"  class=\"panel-grid-cell\" ><div id=\"panel-12562-4-2-0\" class=\"so-panel widget widget_sow-image panel-first-child panel-last-child\" data-index=\"18\" ><div\n\t\t\t\n\t\t\tclass=\"so-widget-sow-image so-widget-sow-image-default-113ccd71f3e6-12562\"\n\t\t\t\n\t\t>\n<div class=\"sow-image-container\">\n\t\t<img \n\tsrc=\"https:\/\/grecia-turismo.gr\/wp-content\/uploads\/2026\/04\/packages-logo.jpg\" width=\"150\" height=\"150\" srcset=\"https:\/\/grecia-turismo.gr\/wp-content\/uploads\/2026\/04\/packages-logo.jpg 150w, https:\/\/grecia-turismo.gr\/wp-content\/uploads\/2026\/04\/packages-logo-60x60.jpg 60w, https:\/\/grecia-turismo.gr\/wp-content\/uploads\/2026\/04\/packages-logo-80x80.jpg 80w, https:\/\/grecia-turismo.gr\/wp-content\/uploads\/2026\/04\/packages-logo-100x100.jpg 100w, https:\/\/grecia-turismo.gr\/wp-content\/uploads\/2026\/04\/packages-logo-120x120.jpg 120w, https:\/\/grecia-turismo.gr\/wp-content\/uploads\/2026\/04\/packages-logo-140x140.jpg 140w\" sizes=\"(max-width: 150px) 100vw, 150px\" title=\"Pacotes de Viagem\" alt=\"\" \t\tclass=\"so-widget-image\"\/>\n\t<\/div>\n\n<h3 class=\"widget-title\">Pacotes de Viagem<\/h3><\/div><\/div><\/div><div id=\"pgc-12562-4-3\"  class=\"panel-grid-cell\" ><div id=\"panel-12562-4-3-0\" class=\"so-panel widget widget_sow-image panel-first-child panel-last-child\" data-index=\"19\" ><div\n\t\t\t\n\t\t\tclass=\"so-widget-sow-image so-widget-sow-image-default-113ccd71f3e6-12562\"\n\t\t\t\n\t\t>\n<div class=\"sow-image-container\">\n\t\t<img \n\tsrc=\"https:\/\/grecia-turismo.gr\/wp-content\/uploads\/2026\/04\/gtatdd-2026-1.jpg\" width=\"320\" height=\"160\" srcset=\"https:\/\/grecia-turismo.gr\/wp-content\/uploads\/2026\/04\/gtatdd-2026-1.jpg 320w, https:\/\/grecia-turismo.gr\/wp-content\/uploads\/2026\/04\/gtatdd-2026-1-300x150.jpg 300w\" sizes=\"(max-width: 320px) 100vw, 320px\" title=\"Nossa Agencia\" alt=\"\" \t\tclass=\"so-widget-image\"\/>\n\t<\/div>\n\n<h3 class=\"widget-title\">Nossa Agencia<\/h3><\/div><\/div><\/div><\/div><\/div> ","protected":false},"excerpt":{"rendered":"<p>Traslados Hoteis em Atenas Hoteis nas Ilhas Tours Regulares Tours Privativos Tours en Barco Aula de Culinaria Sessao Fotografica Casamento Civil Casamento Simbolico Renova\u00e7\u00e2o de votos Proposta de Casamento Degusta\u00e7\u00e2o de Vinho Jantar Romantico Jantar nas Alturas Aluguel de Carro Ferries &amp; Barco rapidos Entradas sem espera Pacotes de Viagem Nossa Agencia<\/p>\n","protected":false},"author":1,"featured_media":0,"parent":0,"menu_order":0,"comment_status":"closed","ping_status":"closed","template":"","meta":{"content-type":"","footnotes":""},"class_list":["post-12562","page","type-page","status-publish","hentry","post"],"psp_head":"<title>Viagem \u00e0 Grecia: excurs\u00f4es, Hot\u00e9is, Passeios, Cruzeiros, Ilhas Gregas, Mykonos, Santorini, Milos, Creta, Rhodes \u2013 Grecia Turismo<\/title>\r\n<meta name=\"description\" content=\"[siteorigin_widget class=&quot;SiteOrigin_Widget_Image_Widget&quot;][\/siteorigin_widget][siteorigin_widget class=&quot;SiteOrigin_Widget_Image_Widget&quot;][\/siteorigin_widget][siteorigin_widget\" \/>\r\n<meta name=\"robots\" content=\"index,follow\" \/>\r\n<link rel=\"canonical\" href=\"https:\/\/grecia-turismo.gr\/?page_id=12562\" \/>\r\n","_links":{"self":[{"href":"https:\/\/grecia-turismo.gr\/index.php?rest_route=\/wp\/v2\/pages\/12562","targetHints":{"allow":["GET"]}}],"collection":[{"href":"https:\/\/grecia-turismo.gr\/index.php?rest_route=\/wp\/v2\/pages"}],"about":[{"href":"https:\/\/grecia-turismo.gr\/index.php?rest_route=\/wp\/v2\/types\/page"}],"author":[{"embeddable":true,"href":"https:\/\/grecia-turismo.gr\/index.php?rest_route=\/wp\/v2\/users\/1"}],"replies":[{"embeddable":true,"href":"https:\/\/grecia-turismo.gr\/index.php?rest_route=%2Fwp%2Fv2%2Fcomments&post=12562"}],"version-history":[{"count":19,"href":"https:\/\/grecia-turismo.gr\/index.php?rest_route=\/wp\/v2\/pages\/12562\/revisions"}],"predecessor-version":[{"id":118817,"href":"https:\/\/grecia-turismo.gr\/index.php?rest_route=\/wp\/v2\/pages\/12562\/revisions\/118817"}],"wp:attachment":[{"href":"https:\/\/grecia-turismo.gr\/index.php?rest_route=%2Fwp%2Fv2%2Fmedia&parent=12562"}],"curies":[{"name":"wp","href":"https:\/\/api.w.org\/{rel}","templated":true}]}}